{"id":26,"date":"2018-11-26T12:05:47","date_gmt":"2018-11-26T11:05:47","guid":{"rendered":"http:\/\/globalerp.de\/?page_id=26"},"modified":"2019-08-30T15:51:00","modified_gmt":"2019-08-30T13:51:00","slug":"startseite","status":"publish","type":"page","link":"https:\/\/doku.bertaplus.de\/","title":{"rendered":"Startseite"},"content":{"rendered":"<div class=\"content\" style=\"width: 70%; margin: auto;\">\n<div class=\"row\">\n<div class=\"col-md-12 widget-trade\">\n<div class=\"widget-trade-header col-md-12\">\n<h3 class=\"trade-header-left\">Ablauf- \/ Prozessbeschreibungen<\/h3>\n<\/div>\n<div class=\"widget-trade-content col-md-12\">\n<div class=\"col-md-6\">\nHier finden Sie Handhabungshinweise rund um die Benutzung von <strong><span style=\"font-family: bauhaus-std; color: #5fb50c; font-size: 14pt;\">bertaplus<\/span><\/strong>.<\/p>\n<p>F\u00fcr eine genauere Beschreibung einzelner Men\u00fcpunkte und Masken nutzen Sie gerne unsere <a href=\"https:\/\/doku.bertaplus.de\/?page_id=107\"><strong>Programmhilfe<\/strong><\/a>.<\/p>\n<p>&nbsp;\t<\/p>\n<\/div>\n<div class=\"col-md-6\"><img decoding=\"async\" class=\"alignnone size-full wp-image-813\" src=\"https:\/\/globalerp.de\/wp-content\/uploads\/conveyour.jpg\" \/><\/div>\n<\/div>\n<div class=\"col-md-12\">\n<div class=\"slide-btn-area-sm\"><a class=\"slide-btn-sm box-btn\" href=\"https:\/\/doku.bertaplus.de\/?page_id=54\">Zur Hilfe<\/a><\/div>\n<\/div>\n<\/div>\n<\/div>\n<div class=\"row\">\n<div class=\"col-md-12 widget-trade\">\n<div class=\"widget-trade-header col-md-12\">\n<h3 class=\"trade-header-left\">Programmhilfe<\/h3>\n<\/div>\n<div class=\"widget-trade-content col-md-12\">\n<div class=\"col-md-6\">Hier finden Sie eine Beschreibung der Men\u00fcpunkte und Masken der <strong><span style=\"font-family: bauhaus-std; color: #5fb50c; font-size: 14pt;\">bertaplus<\/span><\/strong>.<\/p>\n<p>F\u00fcr men\u00fcunabh\u00e4ngige Handhabungshinweise nutzen Sie gerne unsere <a href=\"https:\/\/doku.bertaplus.de\/?page_id=54\"><strong>Ablauf-\/Prozessbeschreibung<\/strong><\/a>.<\/p>\n<p>&nbsp;<\/p><\/div>\n<div class=\"col-md-6\"><img decoding=\"async\" class=\"alignnone size-full wp-image-813\" src=\"https:\/\/globalerp.de\/wp-content\/uploads\/berta-plus-1.jpg\" \/><\/div>\n<\/div>\n<div class=\"col-md-12\">\n<div class=\"slide-btn-area-sm\"><a class=\"slide-btn-sm box-btn\" href=\"https:\/\/doku.bertaplus.de\/?page_id=107\">Zur Hilfe<\/a><\/div>\n<\/div>\n<\/div>\n<\/div>\n<div class=\"row\">\n<div class=\"col-md-6\">Alle Rechte vorbehalten \u00a9 globalerp.de gmbh<\/div>\n<div class=\"col-md-6\" style=\"text-align: right;\"><a href=\"https:\/\/globalerp.de\/?page_id=1231\">Impressum<\/a>\u00a0\u00a0\u00b7\u00a0\u00a0<a href=\"https:\/\/globalerp.de\/?page_id=1234\">Datenschutz<\/a>\u00a0\u00a0\u00b7\u00a0\u00a0<a href=\"https:\/\/globalerp.de\/?page_id=1237\">AGB<\/a><\/div>\n<\/div>\n<\/div>\n","protected":false},"excerpt":{"rendered":"<p>Ablauf- \/ Prozessbeschreibungen Hier finden Sie Handhabungshinweise rund um die Benutzung von bertaplus. F\u00fcr eine genauere Beschreibung einzelner Men\u00fcpunkte und Masken nutzen Sie gerne unsere Programmhilfe. &nbsp; Zur Hilfe Programmhilfe Hier finden Sie eine Beschreibung der Men\u00fcpunkte und Masken der bertaplus. F\u00fcr men\u00fcunabh\u00e4ngige Handhabungshinweise nutzen Sie gerne unsere Ablauf-\/Prozessbeschreibung. &nbsp; Zur Hilfe Alle Rechte vorbehalten [&hellip;]<\/p>\n","protected":false},"author":2,"featured_media":0,"parent":0,"menu_order":0,"comment_status":"closed","ping_status":"closed","template":"template\/template-page-full-width.php","meta":{"footnotes":""},"class_list":["post-26","page","type-page","status-publish","hentry"],"_links":{"self":[{"href":"https:\/\/doku.bertaplus.de\/index.php?rest_route=\/wp\/v2\/pages\/26","targetHints":{"allow":["GET"]}}],"collection":[{"href":"https:\/\/doku.bertaplus.de\/index.php?rest_route=\/wp\/v2\/pages"}],"about":[{"href":"https:\/\/doku.bertaplus.de\/index.php?rest_route=\/wp\/v2\/types\/page"}],"author":[{"embeddable":true,"href":"https:\/\/doku.bertaplus.de\/index.php?rest_route=\/wp\/v2\/users\/2"}],"replies":[{"embeddable":true,"href":"https:\/\/doku.bertaplus.de\/index.php?rest_route=%2Fwp%2Fv2%2Fcomments&post=26"}],"version-history":[{"count":38,"href":"https:\/\/doku.bertaplus.de\/index.php?rest_route=\/wp\/v2\/pages\/26\/revisions"}],"predecessor-version":[{"id":6435,"href":"https:\/\/doku.bertaplus.de\/index.php?rest_route=\/wp\/v2\/pages\/26\/revisions\/6435"}],"wp:attachment":[{"href":"https:\/\/doku.bertaplus.de\/index.php?rest_route=%2Fwp%2Fv2%2Fmedia&parent=26"}],"curies":[{"name":"wp","href":"https:\/\/api.w.org\/{rel}","templated":true}]}}